er when 430 is divided by 72.
70
What is the remainder when 6470 is divided by 101?
6
Calculate the remainder when 424 is divided by 10.
4
Calculate the remainder when 44 is divided by 9.
8
What is the remainder when 286 is divided by 67?
18
What is the remainder when 82 is divided by 15?
7
What is the remainder when 1267 is divided by 41?
37
Calculate the remainder when 5167 is divided by 1291.
3
Calculate the remainder when 892 is divided by 13.
8
Calculate the remainder when 112 is divided by 38.
36
What is the remainder when 2419 is divided by 22?
21
Calculate the remainder when 1667 is divided by 20.
7
What is the remainder when 334 is divided by 24?
22
Calculate the remainder when 616 is divided by 603.
13
Calculate the remainder when 2063 is divided by 53.
49
Calculate the remainder when 98 is divided by 13.
7
Calculate the remainder when 164 is divided by 11.
10
What is the remainder when 61 is divided by 33?
28
What is the remainder when 328 is divided by 55?
53
What is the remainder when 130 is divided by 53?
24
Calculate the remainder when 3070 is divided by 37.
36
What is the remainder when 604 is divided by 16?
12
Calculate the remainder when 2105 is divided by 258.
41
What is the remainder when 10460 is divided by 30?
20
Calculate the remainder when 563 is divided by 14.
3
What is the remainder when 93 is divided by 27?
12
Calculate the remainder when 470 is divided by 94.
0
Calculate the remainder when 533 is divided by 491.
42
What is the remainder when 29986 is divided by 147?
145
What is the remainder when 109 is divided by 27?
1
What is the remainder when 845 is divided by 82?
25
Calculate the remainder when 514 is divided by 13.
7
What is the remainder when 530 is divided by 59?
58
What is the remainder when 8506 is divided by 56?
50
What is the remainder when 865 is divided by 255?
100
Calculate the remainder when 768 is divided by 110.
108
Calculate the remainder when 192 is divided by 7.
3
What is the remainder when 71 is divided by 24?
23
What is the remainder when 6021 is divided by 147?
141
Calculate the remainder when 11408 is divided by 439.
433
Calculate the remainder when 119 is divided by 25.
19
What is the remainder when 552 is divided by 229?
94
Calculate the remainder when 2955 is divided by 34.
31
Calculate the remainder when 593 is divided by 303.
290
What is the remainder when 7870 is divided by 202?
194
Calculate the remainder when 802 is divided by 133.
4
What is the remainder when 51 is divided by 49?
2
Calculate the remainder when 221 is divided by 9.
5
Calculate the remainder when 190 is divided by 4.
2
What is the remainder when 1553 is divided by 64?
17
Calculate the remainder when 3119 is divided by 22.
17
What is the remainder when 414 is divided by 400?
14
What is the remainder when 59 is divided by 26?
7
What is the remainder when 155 is divided by 55?
45
What is the remainder when 315 is divided by 41?
28
What is the remainder when 44 is divided by 22?
0
What is the remainder when 1766 is divided by 59?
55
What is the remainder when 317 is divided by 158?
1
What is the remainder when 149 is divided by 17?
13
What is the remainder when 514 is divided by 14?
10
Calculate the remainder when 222 is divided by 75.
72
What is the remainder when 280 is divided by 32?
24
Calculate the remainder when 1249 is divided by 66.
61
Calculate the remainder when 2390 is divided by 76.
34
Calculate the remainder when 425 is divided by 13.
9
What is the remainder when 8 is divided by 2?
0
Calculate the remainder when 1574 is divided by 260.
14
Calculate the remainder when 54 is divided by 30.
24
What is the remainder when 7026 is divided by 37?
33
Calculate the remainder when 173 is divided by 29.
28
Calculate the remainder when 540 is divided by 80.
60
What is the remainder when 31 is divided by 16?
15
Calculate the remainder when 2853 is divided by 14.
11
What is the remainder when 446 is divided by 30?
26
What is the remainder when 1426 is divided by 68?
66
Calculate the remainder when 100 is divided by 48.
4
Calculate the remainder when 958 is divided by 61.
43
What is the remainder when 1391 is divided by 1388?
3
Calculate the remainder when 217 is divided by 55.
52
What is the remainder when 203 is divided by 136?
67
What is the remainder when 41 is divided by 27?
14
What is the remainder when 1037 is divided by 80?
77
What is the remainder when 261 is divided by 76?
33
Calculate the remainder when 154 is divided by 111.
43
What is the remainder when 54 is divided by 49?
5
Calculate the remainder when 120 is divided by 107.
13
What is the remainder when 811 is divided by 17?
12
What is the remainder when 2331 is divided by 15?
6
Calculate the remainder when 469 is divided by 47.
46
What is the remainder when 2758 is divided by 76?
22
What is the remainder when 318 is divided by 5?
3
What is the remainder when 179 is divided by 8?
3
Calculate the remainder when 323 is divided by 79.
7
What is the remainder when 784 is divided by 662?
122
Calculate the remainder when 38 is divided by 34.
4
What is the remainder when 244 is divided by 152?
92
Calculate the remainder when 88 is divided by 13.
10
Calculate the remainder when 3399 is divided by 46.
41
What is the remainder when 6627 is divided by 7?
5
What is the remainder when 228 is divided by 91?
46
Calculate the remainder when 805 is divided by 72.
13
What is the remainder when 34 is divided by 14?
6
What is the remainder when 346 is divided by 9?
4
Calculate the remainder when 40 is divided by 10.
0
What is the remainder when 63361 is divided by 115?
111
What is the remainder when 94 is divided by 72?
22
What is the remainder when 16937 is divided by 6?
5
What is the remainder when 747 is divided by 274?
199
Calculate the remainder when 498 is divided by 165.
3
Calculate the remainder when 263 is divided by 171.
92
What is the remainder when 380 is divided by 58?
32
Calculate the remainder when 375 is divided by 126.
123
Calculate the remainder when 34 is divided by 13.
8
Calculate the remainder when 28445 is divided by 112.
109
Calculate the remainder when 183 is divided by 23.
22
Calculate the remainder when 16 is divided by 9.
7
What is the remainder when 248 is divided by 14?
10
What is the remainder when 945 is divided by 92?
25
What is the remainder when 2587 is divided by 644?
11
Calculate the remainder when 2093 is divided by 48.
29
Calculate the remainder when 5012 is divided by 218.
216
Calculate the remainder when 133 is divided by 75.
58
What is the remainder when 850 is divided by 66?
58
What is the remainder when 1482 is divided by 41?
6
What is the remainder when 733 is divided by 37?
30
Calculate the remainder when 99 is divided by 10.
9
Calculate the remainder when 1073 is divided by 355.
8
What is the remainder when 557 is divided by 62?
61
What is the remainder when 288 is divided by 58?
56
What is the remainder when 177 is divided by 73?
31
What is the remainder when 1132 is divided by 142?
138
What is the remainder when 260 is divided by 86?
2
What is the remainder when 91 is divided by 47?
44
Calculate the remainder when 35 is divided by 25.
10
Calculate the remainder when 3754 is divided by 544.
490
What is the remainder when 1462 is divided by 11?
10
What is the remainder when 574 is divided by 18?
16
What is the remainder when 145 is divided by 22?
13
Calculate the remainder when 75 is divided by 53.
22
What is the remainder when 566 is divided by 38?
34
What is the remainder when 1447 is divided by 25?
22
What is the remainder when 6433 is divided by 15?
13
Calculate the remainder when 2659 is divided by 38.
37
What is the remainder when 678 is divided by 136?
134
Calculate the remainder when 320 is divided by 23.
21
Calculate the remainder when 209 is divided by 30.
29
Calculate the remainder when 1661 is divided by 241.
215
What is the remainder when 284 is divided by 9?
5
What is the remainder when 540 is divided by 8?
4
What is the remainder when 1132 is divided by 367?
31
Calculate the remainder when 381 is divided by 80.
61
What is the remainder when 410 is divided by 7?
4
Calculate the remainder when 68 is divided by 41.
27
What is the remainder when 6597 is divided by 11?
8
What is the remainder when 214 is divided by 18